 What is g(-4)?
51
Let u(i) = i**3 - 20*i**2 + 24*i - 28. Calculate u(19).
67
Let g(f) = 10*f**2 + 12*f - 4. Determine g(-6).
284
Let r(v) = 148*v**2 + 18*v - 16. Give r(1).
150
Let v(q) = 430*q + 332. Give v(-2).
-528
Let t(z) = 21*z - 64. What is t(2)?
-22
Let v(d) = -9*d**2 - 18*d - 21. Calculate v(-6).
-237
Let w(o) = -3665*o + 3661. Give w(1).
-4
Let v(f) = -2*f**3 + 102*f**2 + 97*f + 259. Calculate v(52).
-105
Let z(h) = 108*h + 12905. Determine z(-120).
-55
Let z(m) = 115*m + 3907. Give z(-34).
-3
Let u(l) = 213*l**3 - l**2 + 4*l - 3. What is u(1)?
213
Let c(p) = -240*p**3 - 3*p**2 + 209*p - 207. Determine c(1).
-241
Let f(l) = 2*l**2 - 15*l - 674. Give f(23).
39
Let z(j) = 24*j**2 - 3*j - 8. Give z(0).
-8
Let o(w) = w**3 + 12*w**2 - 41*w + 86. Determine o(-15).
26
Let u(p) = p**2 + 1513*p + 48829. Calculate u(-33).
-11
Let i(c) = -c**3 - 5*c**2 - 16*c. Calculate i(-3).
30
Let b(r) = -5*r**3 - 55*r**2 - 15*r - 35. Give b(-11).
130
Let c(u) = -72*u - 235. Determine c(-3).
-19
Let d(q) = 4*q**3 - 14*q**2 - 10*q + 24. Give d(4).
16
Let m(t) = 227*t - 939. Calculate m(4).
-31
Let z(p) = 3*p**2 - 44*p + 19. What is z(14)?
-9
Let s(a) = 18*a**2 + 66*a + 64. Determine s(-1).
16
Let z(u) = 13592*u - 108712. Determine z(8).
24
Let q(i) = 40*i - 171. Determine q(5).
29
Let y(v) = v**2 + 92*v - 1865. Calculate y(-109).
-12
Let j(y) = -2*y**2 + 17*y + 49. Determine j(14).
-105
Let n(w) = -5*w**3 + 9*w**2 + 252*w - 262. Determine n(1).
-6
Let m(k) = 123*k - 7150. Calculate m(58).
-16
Let w(k) = 278*k + 3057. Calculate w(-11).
-1
Let b(o) = -o**3 - 95*o**2 + 261*o + 6404. Calculate b(-97).
-95
Let q(v) = -72*v**2 - 1455*v - 295. Calculate q(-20).
5
Let c(p) = -p**3 - 132*p**2 - 29*p - 3835. Determine c(-132).
-7
Let t(c) = -3*c**2 + 141*c + 12. Calculate t(47).
12
Let g(s) = -4*s**3 - 297*s**2 + 227*s + 159. What is g(-75)?
9
Let t(r) = -r**3 + 18*r**2 - 11*r + 201. Determine t(18).
3
Let p(r) = 32*r + 26. What is p(8)?
282
Let k(x) = -x**2 + 21*x - 9. What is k(17)?
59
Let b(v) = v**3 - 20*v**2 - 254*v + 5088. Give b(16).
0
Let m(w) = -35*w**3 - 5*w**2 - 38*w + 43. Give m(1).
-35
Let n(s) = -2*s**2 + 23*s - 46. Determine n(4).
14
Let r(t) = 193*t + 161. Determine r(-1).
-32
Let t(f) = -84*f + 808. Calculate t(4).
472
Let p(c) = c**3 - 98*c**2 + 796*c + 439. What is p(89)?
-6
Let q(s) = -s**2 + 49*s - 43. Give q(48).
5
Let s(h) = h**3 + 3*h**2 + 37*h - 368. Give s(8).
632
Let n(x) = -x**2 + 413*x - 4810. Calculate n(12).
2
Let o(s) = 599*s + 7787. What is o(-13)?
0
Let t(r) = -9*r + 414. Give t(51).
-45
Let s(y) = -8*y**2 - 177*y - 21. Determine s(-22).
1
Let f(o) = 97*o - 254. Calculate f(3).
37
Let z(l) = -209*l + 138. What is z(3)?
-489
Let p(f) = f**3 - 104*f**2 + 196*f + 819. Determine p(102).
3
Let a(f) = -223*f**2 + 4030*f - 300. Calculate a(18).
-12
Let v(f) = 3*f**3 - 295*f**2 + 1264*f - 3945. Give v(94).
3
Let k(s) = -141*s - 106. Determine k(-1).
35
Let w(i) = 82*i + 121. Give w(-1).
39
Let n(w) = 44*w + 1409. Calculate n(-32).
1
Let d(n) = -131*n - 8384. Determine d(-64).
0
Let g(u) = 10*u - 820. Give g(82).
0
Let b(i) = -i**2 - 89*i - 1479. Give b(-22).
-5
Let q(n) = 109*n + 9587. What is q(-87)?
104
Let y(z) = -z + 47. Calculate y(20).
27
Let t(d) = d**3 - 27*d**2 + 39*d - 26. Give t(25).
-301
Let u(r) = -r**3 - 9*r**2 + 17*r + 16. Give u(-9).
-137
Let l(p) = 159*p - 12961. Determine l(82).
77
Let b(n) = -84*n + 926. Give b(11).
2
Let a(w) = 3*w**3 - 10*w**2 + 6*w - 25. What is a(4)?
31
Let n(y) = -1118*y + 7806. Determine n(7).
-20
Let a(x) = -10*x + 301. Calculate a(35).
-49
Let y(g) = 257*g - 350. Give y(1).
-93
Let i(d) = -d**2 - 132*d - 4362. Determine i(-65).
-7
Let m(b) = 13*b**2 + 591*b + 249. Give m(-45).
-21
Let n(j) = -20*j**2 + 220*j - 13. What is n(11)?
-13
Let i(o) = -o**2 + 75*o + 2946. Calculate i(-29).
-70
Let f(a) = 20*a + 1525. Give f(-76).
5
Let b(g) = 4*g**2 - 95*g + 822. What is b(11)?
261
Let h(k) = -k**3 - 39*k**2 - 37*k - 109. Give h(-38).
-147
Let v(j) = -15*j + 182. What is v(12)?
2
Let p(u) = -u**3 - 4*u**2 + 25*u - 38. What is p(0)?
-38
Let j(y) = -y**3 - 13*y**2 + 69*y - 76. Give j(-17).
-93
Let v(d) = 1098*d - 7685. What is v(7)?
1
Let y(h) = -122*h - 2206. Give y(-18).
-10
Let x(b) = 173*b - 14961. Determine x(87).
90
Let d(h) = 56*h + 310. Calculate d(-4).
86
Let b(l) = -l**2 - 2146*l - 27715. What is b(-13)?
14
Let d(n) = 6*n**2 - 42*n + 8. Give d(7).
8
Let n(s) = 30*s + 83. What is n(-3)?
-7
Let z(j) = -17*j + 611. Calculate z(39).
-52
Let l(h) = -3*h**2 + 7*h - 45. Give l(-10).
-415
Let i(s) = -6*s + 98. Give i(6).
62
Let t(l) = l**2 - 48*l + 588. Calculate t(25).
13
Let p(l) = -9872*l - 217180. Determine p(-22).
4
Let k(j) = -5*j**2 - 175*j - 519. Determine k(-31).
101
Let l(g) = g**2 + 63*g - 331. Determine l(5).
9
Let g(i) = -i**3 + 69*i**2 - 7*i + 124. Determine g(69).
-359
Let f(x) = x**3 + x**2 + 17*x - 3. What is f(-4)?
-119
Let i(c) = 97*c - 16306. What is i(168)?
-10
Let r(o) = -o**3 - 10*o**2 - 19*o + 58. Determine r(-10).
248
Let z(p) = -2*p**3 - 19*p**2 + 3*p - 73. Determine z(-9).
-181
Let i(h) = 289*h + 1780. Determine i(-8).
-532
Let c(i) = -2*i**2 - 530*i - 15327. What is c(-232)?
-15
Let b(n) = -2*n**2 + 338*n - 1024. Calculate b(3).
-28
Let h(n) = -7360*n + 22104. Calculate h(3).
24
Let z(w) = 135*w + 1858. Calculate z(-14).
-32
Let h(p) = -p**2 + 45*p + 2555. Calculate h(78).
-19
Let c(a) = -4646*a + 23227. Give c(5).
-3
Let x(z) = 5*z**2 - 21*z - 8. What is x(-6)?
298
Let k(d) = -11*d**2 - 2*d + 23. Determine k(-7).
-502
Let s(a) = -6*a**2 - 6*a - 57. What is s(-6)?
-237
Let f(s) = 128*s - 498. Determine f(4).
14
Let a(z) = -53*z - 150. Determine a(-4).
62
Let f(k) = -52*k + 3996. What is f(77)?
-8
Let d(m) = -133*m + 22492. Calculate d(169).
15
Let a(x) = 24*x - 170. Give a(6).
-26
Let w(q) = 70*q + 104. Determine w(-4).
-176
Let c(u) = 7*u**3 + 85*u**2 - 10*u - 265. What is c(-12)?
-1
Let c(b) = -9*b**2 - 196*b + 63. Give c(-22).
19
Let y(z) = z**3 - 57*z**2 + 818*z - 169. Give y(29).
5
Let c(o) = -2*o**2 + 25*o + 1412. Calculate c(-21).
5
Let p(q) = 4*q**3 - 23*q**2 - 16*q - 130. Calculate p(7).
3
Let i(g) = -298*g + 2716. Give i(9).
34
Let w(y) = -9*y**2 - 107*y + 100. Determine w(1).
-16
Let v(q) = 16*q**2 + 93*q + 2. Determine v(-6).
20
Let q(z) = z**2 - 5*z + 53. Determine q(18).
287
Let h(y) = -2*y**3 + 214*y**2 + 3388*y - 4. What is h(121)?
-4
Let f(h) = -1280*h - 5166. What is f(-4)?
-46
Let y(q) = q**3 - 2*q**2 + 70*q - 7. What is y(0)?
-7
Let s(w) = w**3 - 20*w**2 - 43*w + 173. Determine s(22).
195
Let z(p) = -p**3 + 61*p**2 + 128*p - 128. Determine z(63).
-2
Let j(m) = -2*m - 75. What is j(-26)?
-23
Let k(q) = -29*q**2 + 89*q - 36. Give k(3).
-30
Let z(h) = -h**3 + 9*h**2 - 8*h - 5. Determine z(8).
-5
Let x(n) = -250*n + 1502. What is x(6)?
2
Let d(n) = -48*n - 122. Determine d(-3).
22
Let o(g) = -2*g**2 + 124*g - 1887. Give o(26).
-15
Let h(r) = r**3 + 70*r**2 - 1083*r - 82893. Determine h(-68).
-1
Let y(p) = 9*p**2 + 61*p - 179. What is y(-9)?
1
Let a(d) = 2*d**3 + 3*d**2 - 19*d + 33. What is a(5)?
263
Let n(i) = 20*i**3 - 71*i**2 - 5*i + 6. What is n(4)?
130
Let t(r) = 8*r**2 + 51*r + 110. Calculate t(-2).
40
Let k(z) = -z**3 - 60*z**2 - 119*z - 170. What is k(-58)?
4
Let h(y) = -5*y**2 + 275*y - 1016. What is h(51)?
4
Let d(n) = -n**2 - 98*n + 1201. Determine d(-109).
2
Let b(g) = -g**2 + 108*g - 1632. Determine b(90).
-12
Let f(s) = -97*s - 535. Give f(-8).
241
Let r(d) = 1717*d + 15445. Determine r(-9).
-8
Let g(t) = -t**3 + 950*t + 105. Give g(0).
105
Let g(r) = -r**2 + 61*r + 34. What is g(0)?
34
Let p(l) = 4*l**2 + 18*l + 141. Calculate p(-13).
583
Let m(o) = 5*o**3 - 95*o**2 - o + 55. Give m(19).
36
Let l(g) = -6*g - 752. Give l(-31).
-566
Let z(q) = q**3 + 19*q**2 + 19*q + 371. Calculate z(-19).
10
Let w(a) = 263*a + 1555. What is w(-6)?
-23
Let w(k) = 2*k**2 - 104*k - 871. What is w(-7)?
-45
Let v(q) = 11*q + 215. Give v(-17).
28
Let v(m) = -749*m + 5247. Calculate v(7).
4
Let u(r) = -r**2 - 50*r - 48. Determine u(-21).
561
Let g(z) = -z**2 - 3*z + 46433. Calculate g(-217).
-5
Let t(g) = 3*g**3 - 279*g**2 + 4*g - 382. Calculate t(93).
-10
Let b(p) = 46*p + 27. Determine b(-1).
-19
Let g(w) = 1035*w - 1015. Determine g(1).
20
Let o(s) = s - 64. Determin